What is the units digit of p?
6
Suppose 5*n - 4*n + 3*h = 12, -4*n = h - 15. Suppose 2*v - 11 = -z, 4 = v - 0*v - z. Suppose 3*o + w = v + n, -13 = -5*o - 2*w. What is the units digit of o?
3
Suppose -5*u = -11*u - 12. What is the tens digit of 3 + 10/u + (-139)/(-1)?
3
Let s = -98 - -100. Let c(z) = 14*z**s + 35*z**2 + 2 + 6*z - 13. What is the units digit of c(2)?
7
Let c be -4 + (2/3)/(1/9). Let u(f) = 22*f**2 - 3*f + 11. Let z be u(c). Let j = 157 - z. What is the tens digit of j?
6
Suppose -4*b = -3919 - 205. Let h = b + -726. What is the hundreds digit of h?
3
Let t = 88 - 51. Let z = 37 - t. Suppose -4*j + 160 + 24 = z. What is the tens digit of j?
4
Let p = -757 - -7314. What is the hundreds digit of p?
5
Suppose -14*f + 114 - 58 = 0. Let a(l) = 5*l**2. Let s be a(1). Suppose -w - 11 = -s*v + 162, v = f*w + 27. What is the units digit of v?
5
Suppose 0 = 4*j + 16*j + 396370 - 1089390. What is the ten thousands digit of j?
3
Let l be 1/((7/(-14))/((-2)/4)). Suppose -5*v = -10, o - 7 = 5*v - l. Let j = o + 12. What is the units digit of j?
8
Suppose -g - 2*o + 0*o = 1, -2 = o. Suppose -g*r - 50 = 2*r. What is the units digit of (r/(-4))/((-7)/(-14))?
5
Let m = 142 + 933. What is the tens digit of m?
7
Let w(n) = n**2 - 15*n + 40. Let b be w(12). Suppose 2*k - b*k + 3*z + 299 = 0, 4*z + 20 = 0. What is the hundreds digit of k?
1
Let y(s) = 6646*s**2 - 28*s - 28. Let z be y(-1). Suppose -31*h = -38049 + z. What is the tens digit of h?
1
Suppose -23*o = 79*o - 1333140. What is the hundreds digit of o?
0
Suppose -2*q - 12949 = -w, w - 5*w - 4*q + 51808 = 0. What is the thousands digit of w?
2
Let z(t) = t - 31. Let w be z(-18). Let g = w + 52. Suppose -5*n - 20 = 0, 372 = 3*i - g*n - 15. What is the hundreds digit of i?
1
Let u be 5*-14 - (-1 + -1). Suppose 105 + 690 = 5*o - 5*l, -4*o = -3*l - 637. Let z = o + u. What is the tens digit of z?
9
What is the hundreds digit of (-12)/(-30) + 5*455158/275?
2
Suppose 35 + 9 = -11*t. What is the tens digit of t/(-6) - (-2456)/6?
1
Let d = -15 + 17. Suppose -4*k + d*i + 36 = -218, 0 = -5*k - 4*i + 298. Suppose -5*s = -5*p - 145, -2*s - 4*p = -7*p - k. What is the units digit of s?
5
Suppose z = 4*h - 16, -4*z - 5*h - 11 = -52. What is the units digit of 7/z*20*(3 + -1)?
0
Let r(h) = 4*h**2 + 48*h - 39. What is the thousands digit of r(13)?
1
What is the hundreds digit of ((-34)/(-85))/((-6)/(-216240))?
4
Let k(p) = -p**2 + 12*p - 30. Let j be k(7). Suppose -4*d = l - 2265, 2*d - 648 - 457 = j*l. What is the units digit of d?
5
Let t be 127 + 0 + 4/(-2). Suppose 4*p + h - 1042 = 0, 0 = -h + 1 + 1. Let l = p - t. What is the units digit of l?
5
Suppose -210*g - 391850 = -220*g. What is the units digit of g?
5
Let c = -280 + 414. Let n = c + -62. What is the tens digit of (n - (5 - 3))*1?
7
Let w(d) = -14722*d - 1038. What is the tens digit of w(-3)?
2
Let n(x) = 53*x**2 + 84*x + 1071. What is the ten thousands digit of n(-15)?
1
Let j = -13515 - -49839. What is the thousands digit of j?
6
Suppose 5*y - 194 = 1241. Let j = y + 343. What is the units digit of j?
0
Let k(w) = 4*w**3 + 13*w**2 - 5*w - 47. Let o be k(8). Suppose 16*g + o = 23*g. What is the units digit of g?
9
Let m(c) = -c**2 - 8*c + 65. Let i be m(-13). Suppose i*n - 8*n = -800. What is the units digit of n?
0
Suppose -5*r + t + 787 = 0, 629 = 4*r + 5*t - 6*t. What is the hundreds digit of r?
1
Suppose 5*f - 24 - 80 = b, -2*f = 2*b + 160. Let a = 149 + b. What is the tens digit of a?
6
Suppose -3*u = -4*n + 10767, u + 2693 = -0*n + n. Suppose n = 22*x - 590. What is the units digit of x?
9
Let b be (-15)/9 - 5/15. Let l(w) = 21*w**2 - 8. Let z(t) = 45*t**2 - t - 15. Let u(p) = -5*l(p) + 3*z(p). What is the tens digit of u(b)?
2
Let y(q) = -3*q**2 - 2*q + 13. Let w(c) = 2*c**2 + 3*c - 13. Let o(f) = -4*w(f) - 3*y(f). Let t be o(5). Suppose 437 + 1219 = t*v. What is the units digit of v?
7
Suppose -23*v + 24*v = 101. Suppose -v*f + 2160 = -96*f. What is the tens digit of f?
3
Let x(d) = d**2 + 10*d + 6. Let j = 39 + -51. Let c be (-8)/j - 64/6. What is the units digit of x(c)?
6
Let m(q) = -109*q**3 - 3*q**2 - 4*q - 6. Let o be (2 + -7 - -11)*(-2)/6. What is the hundreds digit of m(o)?
8
Let p(b) be the second derivative of -b**5/20 + 8*b**4/3 + b**3 + 51*b**2 + 5*b + 1. What is the units digit of p(32)?
4
Let n be 20/(-8)*38/(-19). Suppose 0 = o - 2*o + n*w + 782, -2*w + 3216 = 4*o. What is the units digit of o?
2
Let m = 374 - -310. Let d = -113 + m. What is the units digit of d?
1
Let f(p) = -p**2 + 9*p - 5. Let g be f(7). Let n(m) = m**2 - 6*m - 14. Let l be n(g). Let b = 47 - l. What is the tens digit of b?
3
Let j = 45 - 42. Suppose j*s = w + 17, 0 = -5*s + w - 5*w. Suppose 74 = m - 4*d, -m + s*d - 2*d + 70 = 0. What is the tens digit of m?
6
Suppose 3*t - 60 = -b - 2*b, 3*b = -t + 26. Suppose -t*f = -15*f - 962. What is the units digit of f?
1
Let b(p) = 9*p**3 + 2*p**2 + 6*p - 3. Let l be b(3). Let x = 701 - l. What is the hundreds digit of x?
4
Let d(y) = y**3 - 9*y**2 + 4. Let v be d(9). Suppose 5 = -2*o + 3, v*s + 4*o - 224 = 0. Suppose -s = -2*t - t. What is the tens digit of t?
1
Suppose -21*a + 3861 + 54771 = 0. Let j = a + -1136. What is the tens digit of j?
5
Let h be ((-11)/((-231)/469))/((-2)/186). Let p = -1310 - h. What is the units digit of p?
7
Let v(i) = -i**2. Let a be v(-3). Suppose -4*o = -4*k + 24, o + 3*k - 10 = -4*o. Let b = o - a. What is the units digit of b?
8
Suppose -226*u + 229*u + 969 = 0. Let c = 492 + u. What is the units digit of c?
9
Let t = -52888 + 101409. What is the tens digit of t/99 + (-2)/18?
9
Let t(k) be the second derivative of 27*k**5/20 - 2*k**3/3 - 5*k**2 - 204*k + 2. What is the tens digit of t(3)?
0
Suppose -273968 = -4*m - 4*n, -2*n = -4489*m + 4493*m - 273950. What is the tens digit of m?
8
Let k be ((-1)/((-1)/(-15)))/(290/(-348)). Suppose -117 = k*v - 18585. What is the tens digit of v?
2
Let i(d) = d**3 - 11*d**2 - 22*d + 117. Let x be i(12). What is the hundreds digit of (-282)/36*58*x?
3
Suppose 186 = 4*y + 63*g - 60*g, -3*y + 4*g = -152. What is the units digit of y?
8
Let k(n) = 16*n**2 + 154*n + 1865. What is the hundreds digit of k(-47)?
9
Suppose -3*v + 27 = -5*l + 4, -5*v + 31 = -l. Let p(b) = -3*b - 6*b - 13*b + 40 - v*b. What is the tens digit of p(-4)?
5
Let v = -7345 + 17453. What is the tens digit of v?
0
Let m(t) = -2*t**3 - 10*t**2 - 14*t + 10. Let u = 173 - 180. What is the units digit of m(u)?
4
Suppose -g + 3 = 1. Let a be (g + -1)/(-1) + 124. Let s = a - 70. What is the tens digit of s?
5
What is the thousands digit of (-9*26817/(-756))/((-2)/(-176))?
8
Let z = 210 - 210. Suppose 2*v - 4*v - 5*o + 85 = z, -125 = -5*v + 5*o. What is the tens digit of v?
3
Suppose 0 = -2*d - 5*l + 125448, 0 = 3*d + 5*l - l - 188193. What is the units digit of d?
9
Let p(o) = o**2 + 18*o + 35. Let z be p(-16). Let w(d) = -d**3 + 3*d**2 + 3*d - 6. Let k be w(z). What is the units digit of k/(-2)*(1024/(-12) - 2)?
1
Suppose 3*y - 4*j = -8, -2*y - j - j + 18 = 0. Suppose -y*x = -2*p - 2398, -13 = 4*p - 25. What is the tens digit of x?
0
Let b be 2/(-1) + (-16)/(-4). Suppose 3*f = -5*d + 62, 4*d - 72 = -b*f - 2*f. Suppose f*l - 1547 = 1043. What is the units digit of l?
5
Let v be (0 + 4/5)/(146/117165). Suppose -193*l + 194*l = v. What is the hundreds digit of l?
6
Suppose 6*y + 31*y = -148. What is the tens digit of (y - -6)/(1/262)?
2
Suppose -12*t + 259140 = 8*t - 0*t. What is the thousands digit of t?
2
Suppose 5*d = 10, 2*u - 94 + 22 = -3*d. What is the hundreds digit of 22/u*(-1998)/(-12)?
1
Let v(n) = n**3 - 5*n**2 + 3*n + 1. Let q be v(2). Let u = q - 0. What is the units digit of (77/(-14) - u)*(0 + -136)?
8
Let h(w) = w**3 - 19*w**2 + 45*w + 175. What is the hundreds digit of h(21)?
0
What is the hundreds digit of (-25416)/324*-477 + 1*3?
4
Suppose -777 = -4*o + 59. Suppose -5*h = 5*n + 515, 134*h = 3*n + 129*h + 349. Let p = n + o. What is the tens digit of p?
0
Let s(z) = 6*z - 53. Let f be s(9). What is the tens digit of 76/f - -2*4/(-4)?
7
Suppose -4*a = -453*p + 455*p - 29870, -7*p - 14975 = -2*a. What is the hundreds digit of a?
4
Suppose -v = -2*i - 4, 5*v - 2*v = 2*i + 12. Suppose i*a + 9*a = -36. Let m(t) = -3*t**3 - 7*t - 7. What is the tens digit of m(a)?
1
Le